 3*x**2 + 5*x - 4. Calculate the remainder when w(-5) is divided by 24.
22
Suppose 0 = 6*f - 64 - 38. Calculate the remainder when 64 is divided by f.
13
Let a = 0 + 2. Suppose -a*b = -5*k + 3 - 18, 4*b = k + 21. What is the remainder when b is divided by 3?
2
Suppose -5*z + 0*z + 26 = 4*x, -3*x - 27 = -4*z. Calculate the remainder when 16 is divided by z.
4
Suppose -4*x = 2*p - 62, 7*x = 3*x - 16. Calculate the remainder when p is divided by 6.
3
What is the remainder when 136 is divided by 2/(3/42 + 0)?
24
Let c(v) = -v + 33. Calculate the remainder when 157 is divided by c(13).
17
Suppose 2*x = -5*l - 34 + 11, 3*l - 4*x - 7 = 0. What is the remainder when (-6)/l - 3 - -58 is divided by 15?
12
Let d = -15 - -31. Suppose -2*c - 3*c - d = l, -2*l + c = -12. Suppose -34 = -2*f + l*m, -2*f + 77 = 5*m - 2. What is the remainder when f is divided by 14?
13
Suppose 0 = -11*g + 13*g + 16. What is the remainder when g/(-10)*(-725)/(-10) is divided by 15?
13
Let q(j) = 37*j - 13. What is the remainder when q(4) is divided by 34?
33
Suppose u - 10 = 5*w + 6*u, -5*w = 4*u + 8. Suppose 0 = -2*o + y + 166, w*y + 3*y = -o + 76. Calculate the remainder when o is divided by 14.
12
Let b(x) = 2*x**2 + 3*x + 1. What is the remainder when 27 is divided by b(-3)?
7
Let r = -8 - -11. Suppose r*y - 41 = 37. Calculate the remainder when y is divided by 9.
8
Let c(f) = -f**3 + 8*f**2 - 6*f - 4. Let b be c(7). Suppose b*i + 3*p + 2 = 11, -5*i + 19 = 3*p. What is the remainder when 14 is divided by i?
4
Suppose 0 = a - 7 - 23. Calculate the remainder when 89 is divided by a.
29
Let o = 20 - 1. What is the remainder when 52 is divided by o?
14
Suppose -3*s + 6*s - 6 = 0. Let q = -105 - -162. Suppose q = 3*w - s*r + 3*r, -2*w - 2*r + 34 = 0. Calculate the remainder when w is divided by 7.
6
Let u = 22 - 6. What is the remainder when u is divided by 9?
7
Suppose -3*d - 106 = -4*g, -5*g + 5*d + 74 = -2*g. Suppose -8*r + 4 = -6*r. Suppose -r*h = -23 - 7. Calculate the remainder when g is divided by h.
13
Suppose -4*c + 7 - 3 = -4*n, -4*n = c - 6. Let w = 1 + n. Suppose -3*x + 45 = w*x. What is the remainder when 17 is divided by x?
8
Let u(h) = 6*h**3 + h**2 - h + 1. Let p be u(1). Suppose 3*i = p*i + 48. What is the remainder when 1 is divided by i/(-30) + 6/10?
0
Suppose 0 = -3*i + i + 14. Let p = -5 + i. What is the remainder when 20 + -3*p/(-3) is divided by 12?
10
Let c(s) = -20 + 20 + s. What is the remainder when 21 is divided by c(11)?
10
Let t(y) = 13*y - 6. Suppose 5*w - 18 = 7. Calculate the remainder when t(w) is divided by 20.
19
Suppose 2*m + 0*m - 4*k - 42 = 0, 34 = 2*m - 2*k. What is the remainder when 48 is divided by m?
9
Let x(r) be the third derivative of -r**3 + 0 + 2*r**2 - 1/3*r**4 + 0*r. Calculate the remainder when x(-4) is divided by 14.
12
Let r(u) = 0 - u**2 - 6*u - 5*u + 0 + 2. Calculate the remainder when 33 is divided by r(-10).
9
Let m = 46 - 81. Let x = -12 - m. Calculate the remainder when x is divided by 6.
5
Let b be 33/2 - (-1)/2. Let t = 29 - b. Suppose -3*h = -2*h - t. Calculate the remainder when 35 is divided by h.
11
Suppose 5*d + 5*q - 3*q = 8, 9 = 4*d - q. Suppose -3*b = -5*u + 255, -2*u - 2*b = -0*u - 102. Calculate the remainder when (u/6)/(d/4) is divided by 10.
7
Let q be 26/(-4) + 8/(-16). Let n(u) = u**2 + 6*u + 6. Calculate the remainder when n(q) is divided by 7.
6
Calculate the remainder when (-770)/(-18) - 18/(-81) is divided by 22.
21
Let n = 34 + 11. Suppose 0*c = -5*c + n. What is the remainder when 25 is divided by c?
7
Calculate the remainder when (-684)/(-45) - 8/(-10) is divided by 9.
7
Let r = 13 - 7. Let u(z) = z**2 - 2*z - 7. Calculate the remainder when 53 - 5/((-15)/(-9)) is divided by u(r).
16
Suppose -11*j + 171 + 302 = 0. Calculate the remainder when j is divided by 16.
11
Let b(x) = 2*x**2 - x - 1. Let o be b(2). Let z = o + 12. What is the remainder when z is divided by 10?
7
Let o(b) = -b**2 + 5*b + 3. What is the remainder when 3 is divided by o(5)?
0
Let u = 6 + 19. Calculate the remainder when u is divided by 9.
7
Suppose 2*s - 1 = f, -4*s - 3 = -5*f - 14. Let k(r) = r + 17*r**2 - 4*r**2 + 16*r**2. Calculate the remainder when k(s) is divided by 15.
13
Let o = -9 - -11. Suppose -5*m + 10*m + 73 = f, -3*f - o*m = -236. Calculate the remainder when f is divided by 27.
24
Suppose 0 = 4*x + 17 - 101. What is the remainder when x is divided by 8?
5
Suppose 695 = 5*g + 5*j, -j + 3 + 2 = 0. Let b = 199 - g. What is the remainder when b is divided by 22?
21
Suppose 0 = -0*r - r - 3. Let h = 9 + r. What is the remainder when 17 is divided by h?
5
Let n be (3/((-3)/(-4)))/2. Let j be 5/n*(-12)/(-6). Suppose -3*g - g + 47 = j*p, 5*p - 20 = 5*g. Calculate the remainder when 19 is divided by p.
5
Let g(q) = -2*q**3 + q**2 + q - 45. Let k be g(0). Let m = -19 - k. Calculate the remainder when m is divided by 7.
5
Suppose 6*u - u = 0. What is the remainder when 24 is divided by u*3/6 - -14?
10
Suppose -4*b + 112 + 16 = 0. What is the remainder when b is divided by 17?
15
Let j(p) = -p**3 + 4*p**2 + 1. Let s be j(4). Suppose -f = 2*c - s, -2*f - 4*c = -c - 5. Let t = 2 + 1. Calculate the remainder when f is divided by t.
1
Let m = 13 - 8. Let l(k) = k**2 - 9*k - 4. Let c be l(10). Suppose -5*n + 73 = 3*q, -5*q + 13 = n - c*q. What is the remainder when n is divided by m?
4
Let q(r) be the third derivative of r**5/60 + 7*r**4/24 + r**3/6 + 8*r**2. Calculate the remainder when 74 is divided by q(-9).
17
Suppose -1 = 2*u - 11. Let o be (20/6)/(6/9). Suppose 0 = -o*q + 7 + 63. Calculate the remainder when q is divided by u.
4
Let d(c) = 14*c**2 - 3*c - 2. Let k(n) = -n + 1. Let q be k(3). Let y be d(q). Calculate the remainder when 35 is divided by ((-4)/(-10))/(2/y).
11
Let h = -2 - -4. Suppose 4*n = t + 160, -t + 17 = h*n - 63. What is the remainder when n is divided by 21?
19
Let b(h) = h**2 + 0 + 3*h - 2*h + 3*h**2 - 3 + h**3. What is the remainder when 10 is divided by b(-3)?
1
Let s = -2 + 1. Let k = s - -33. Suppose 0 = -2*y - 4*d + 34, 37 = 2*y - 0*d + 5*d. Calculate the remainder when k is divided by y.
10
Suppose a - 28 = 4*k - 4, -18 = 3*k + 3*a. Let s = -2 - k. Calculate the remainder when 6 is divided by s.
2
Let s = 122 - 44. Calculate the remainder when s is divided by 16.
14
Let a = 30 - 18. Let d = 1 + a. What is the remainder when d is divided by 7?
6
Calculate the remainder when (-4)/(-34) - 4508/(-119) is divided by 14.
10
Suppose -2*m - 5*p + 63 = 0, m - 5*p = -1 - 5. Suppose -5*w + 306 + m = 0. What is the remainder when w is divided by 17?
14
Let j(m) = m + 22. Suppose -2*p - 2*p = 0. What is the remainder when j(p) is divided by 8?
6
Let u be (-3 + (4 - 1))/(-2). Suppose u = -2*r - 1 + 25. What is the remainder when 46 is divided by r?
10
Suppose -3*u - 3*l = -9, 4*u = 2*u - l + 5. Suppose j - 24 = -4*x, 5 - 2 = 3*x - 3*j. Suppose -4*b - 2 = -x*b. What is the remainder when b is divided by u?
0
Let k(g) = 29*g**2 + 1. Let d be k(2). Suppose -d = v + 157. Calculate the remainder when (-3)/(-5) + v/(-10) is divided by 10.
8
Let a(v) = -v + 15. What is the remainder when a(-3) is divided by 5?
3
Let j(o) be the first derivative of 10*o**3/3 - o**2/2 - 2*o + 2. Suppose -2*p + 32 = -2*c, p - 2*c = -3 + 21. What is the remainder when j(-2) is divided by p?
12
Suppose -k - 5*h = 24, -3*h - 29 + 12 = -2*k. Let g(c) = -c + c + c + k. What is the remainder when 12 is divided by g(6)?
5
Let n = 74 - -139. Suppose -5*l + 4*c + n = 0, 0 = l - 5*c - 30 - 0. Calculate the remainder when l is divided by 24.
21
Let n = 25 + 132. Calculate the remainder when 125 is divided by (-9)/(-15) - n/(-5).
29
Let q = 2 - -1. Suppose -6*g = -2*g - 8. Suppose 0 = -z - 5*s - 21, -2*s + 13 = g*z - q*s. What is the remainder when z is divided by 2?
0
Suppose 5*r + 34 - 81 = -k, -147 = -5*k - 3*r. Calculate the remainder when 30 is divided by 4/18 - (-426)/k.
14
Suppose r - 4*r = -105. Let h = 10 - 30. Let f = h + r. Calculate the remainder when 44 is divided by f.
14
Suppose 7*f - 8*f = -29. What is the remainder when f is divided by 11?
7
Suppose -9 = -2*a - a, y - 11 = -2*a. Suppose -21 = 3*q - 84. Suppose 8 = -t + q. Calculate the remainder when t is divided by y.
3
Let y = -3 - -39. Calculate the remainder when y is di